remainder when 1750 is divided by 97.
4
Calculate the remainder when 20545 is divided by 6846.
7
What is the remainder when 124656 is divided by 230?
226
What is the remainder when 1347 is divided by 403?
138
Calculate the remainder when 177963 is divided by 88972.
19
What is the remainder when 99325 is divided by 16?
13
Calculate the remainder when 809 is divided by 455.
354
Calculate the remainder when 6259 is divided by 62.
59
What is the remainder when 1042 is divided by 9?
7
Calculate the remainder when 18936 is divided by 67.
42
What is the remainder when 253 is divided by 106?
41
Calculate the remainder when 12326 is divided by 101.
4
What is the remainder when 302874 is divided by 11216?
42
Calculate the remainder when 30703 is divided by 2354.
101
What is the remainder when 74745 is divided by 49?
20
Calculate the remainder when 7361 is divided by 130.
81
Calculate the remainder when 489 is divided by 29.
25
What is the remainder when 86639 is divided by 152?
151
Calculate the remainder when 8893 is divided by 1410.
433
What is the remainder when 476 is divided by 233?
10
Calculate the remainder when 140337 is divided by 171.
117
Calculate the remainder when 859 is divided by 399.
61
What is the remainder when 4578 is divided by 1294?
696
What is the remainder when 6291 is divided by 507?
207
What is the remainder when 7062074 is divided by 11?
8
What is the remainder when 384458 is divided by 275?
8
Calculate the remainder when 5794 is divided by 5450.
344
What is the remainder when 15134 is divided by 7548?
38
Calculate the remainder when 1759 is divided by 1268.
491
Calculate the remainder when 13905 is divided by 347.
25
What is the remainder when 1578 is divided by 559?
460
Calculate the remainder when 6999 is divided by 1165.
9
What is the remainder when 16017 is divided by 16017?
0
Calculate the remainder when 5235 is divided by 37.
18
What is the remainder when 26748 is divided by 37?
34
Calculate the remainder when 3800 is divided by 48.
8
Calculate the remainder when 7259 is divided by 220.
219
What is the remainder when 59680 is divided by 14915?
20
What is the remainder when 14805 is divided by 2312?
933
Calculate the remainder when 834175 is divided by 196.
195
Calculate the remainder when 34604 is divided by 112.
108
What is the remainder when 22634 is divided by 18?
8
Calculate the remainder when 82514 is divided by 198.
146
Calculate the remainder when 8390 is divided by 195.
5
What is the remainder when 5357 is divided by 226?
159
Calculate the remainder when 5412 is divided by 154.
22
Calculate the remainder when 4796 is divided by 47.
2
What is the remainder when 11011 is divided by 131?
7
Calculate the remainder when 6383 is divided by 21.
20
Calculate the remainder when 1620 is divided by 500.
120
What is the remainder when 16998 is divided by 327?
321
What is the remainder when 1150725 is divided by 10?
5
Calculate the remainder when 361876 is divided by 1297.
13
Calculate the remainder when 100614 is divided by 84.
66
Calculate the remainder when 748868 is divided by 2.
0
Calculate the remainder when 23055 is divided by 493.
377
Calculate the remainder when 578 is divided by 280.
18
Calculate the remainder when 11365 is divided by 116.
113
Calculate the remainder when 23399 is divided by 23392.
7
Calculate the remainder when 45078 is divided by 170.
28
Calculate the remainder when 620 is divided by 124.
0
Calculate the remainder when 29886 is divided by 142.
66
What is the remainder when 15920 is divided by 275?
245
What is the remainder when 25800 is divided by 6450?
0
Calculate the remainder when 34093 is divided by 11356.
25
What is the remainder when 2782 is divided by 677?
74
Calculate the remainder when 179863 is divided by 107.
103
Calculate the remainder when 931823 is divided by 93182.
3
Calculate the remainder when 22318 is divided by 101.
98
Calculate the remainder when 6879 is divided by 532.
495
Calculate the remainder when 9449 is divided by 29.
24
Calculate the remainder when 20305 is divided by 44.
21
Calculate the remainder when 1478 is divided by 293.
13
Calculate the remainder when 396913 is divided by 162.
13
What is the remainder when 232201 is divided by 284?
173
Calculate the remainder when 819255 is divided by 460.
455
What is the remainder when 3260859 is divided by 473?
470
Calculate the remainder when 636073 is divided by 28.
25
Calculate the remainder when 7952 is divided by 994.
0
What is the remainder when 5047 is divided by 136?
15
What is the remainder when 334040 is divided by 63?
14
What is the remainder when 114364 is divided by 281?
278
Calculate the remainder when 6936 is divided by 1386.
6
Calculate the remainder when 32813 is divided by 619.
6
Calculate the remainder when 109886 is divided by 7849.
0
Calculate the remainder when 15130 is divided by 24.
10
What is the remainder when 5584 is divided by 193?
180
Calculate the remainder when 11798 is divided by 1918.
290
Calculate the remainder when 3883 is divided by 65.
48
Calculate the remainder when 267147 is divided by 591.
15
Calculate the remainder when 8068 is divided by 144.
4
Calculate the remainder when 15751 is divided by 43.
13
Calculate the remainder when 197313 is divided by 49328.
1
Calculate the remainder when 27712 is divided by 423.
217
What is the remainder when 52328 is divided by 12?
8
What is the remainder when 1557 is divided by 155?
7
What is the remainder when 1833 is divided by 264?
249
What is the remainder when 106608 is divided by 19?
18
Calculate the remainder when 12534 is divided by 2506.
4
What is the remainder when 519 is divided by 172?
3
Calculate the remainder when 4408 is divided by 274.
24
What is the remainder when 16844 is divided by 296?
268
What is the remainder when 1726 is divided by 20?
6
Calculate the remainder when 3880 is divided by 162.
154
Calculate the remainder when 3781 is divided by 1260.
1
What is the remainder when 183 is divided by 20?
3
What is the remainder when 76256 is divided by 687?
686
Calculate the remainder when 857 is divided by 141.
11
What is the remainder when 6137 is divided by 89?
85
What is the remainder when 402844 is divided by 2?
0
Calculate the remainder when 15340 is divided by 384.
364
What is the remainder when 14511 is divided by 65?
16
What is the remainder when 6358 is divided by 1202?
348
What is the remainder when 146709 is divided by 13336?
13
What is the remainder when 1292 is divided by 1083?
209
Calculate the remainder when 365672 is divided by 12.
8
Calculate the remainder when 714526 is divided by 2.
0
What is the remainder when 12595 is divided by 450?
445
What is the remainder when 13558 is divided by 619?
559
What is the remainder when 251351 is divided by 107?
8
Calculate the remainder when 124243 is divided by 30.
13
What is the remainder when 4388 is divided by 133?
132
What is the remainder when 6428 is divided by 1126?
798
What is the remainder when 5787 is divided by 1359?
351
What is the remainder when 104172 is divided by 99?
24
Calculate the remainder when 54778 is divided by 64.
58
Calculate the remainder when 45557 is divided by 105.
92
Calculate the remainder when 5708 is divided by 438.
14
Calculate the remainder when 315527 is divided by 245.
212
What is the remainder when 954 is divided by 618?
336
Calculate the remainder when 77890 is divided by 708.
10
What is the remainder when 6478 is divided by 64?
14
Calculate the remainder when 576730 is divided by 144174.
34
What is the remainder when 1830 is divided by 868?
94
What is the remainder when 17972 is divided by 2451?
815
What is the remainder when 3655 is divided by 8?
7
What is the remainder when 5208 is divided by 13?
8
What is the remainder when 687200 is divided by 11848?
16
What is the remainder when 9335 is divided by 9139?
196
Calculate the remainder when 19716 is divided by 19.
13
What is the remainder when 4349 is divided by 1157?
878
What is the remainder when 3006299 is divided by 16?
11
What is the remainder when 34934 is divided by 603?
563
Calculate the remainder when 528170 is divided by 176055.
5
What is the remainder when 5747 is divided by 2705?
337
What is the remainder when 3786 is divided by 1893?
0
Calculate the remainder when 14465 is di